 of s?
3
Suppose 3*z + 3 = -5*v + 12, -5*v - 5*z = -5. Let a(j) = j**3 - 2*j**2 + j - 3. Let w be a(3). Let k = w + v. What is the tens digit of k?
1
Let d(v) = 273*v + 554. What is the hundreds digit of d(7)?
4
Let u(m) = m**3 - 9*m**2 - 15*m + 1. Let k = -14 - -24. Let s be u(k). Let w = -32 - s. What is the tens digit of w?
1
What is the units digit of (-40278)/(-126) + (-1)/(-3)?
0
Suppose 3*f - 1877 = 3169. What is the units digit of f?
2
What is the units digit of 472368/80 + 2*(-3)/10?
4
Let w = -60 - -59. What is the tens digit of 469/7*(w + 2)?
6
Let r(q) = q**2 - 8*q + 9. Let t = 19 - 11. What is the units digit of r(t)?
9
Let v = 29 - 32. What is the units digit of 100*(11/(-5) - v)?
0
Suppose 9 = -38*u + 41*u. Suppose 0 = u*d + 43 - 256. What is the units digit of d?
1
Suppose 2 + 9 = 2*d - 3*r, -5 = -d + r. Let x(a) be the first derivative of a**4/4 - a**3 - a**2 + 4*a + 1. What is the units digit of x(d)?
2
Suppose h - 32 = -3*h. Suppose -4*q - 5*p = -1, 2*p = 3*q - h*q + 14. Let x = -2 + q. What is the units digit of x?
2
Let q(c) = c**2 + 5*c - 4. Let y(p) = -p. Let r be y(0). Suppose 5*g - 3*g + 4*n - 32 = r, 0 = 4*n - 20. What is the units digit of q(g)?
2
Suppose 5*i - 6*i = -671. What is the tens digit of i?
7
Let z(n) = 21*n - 1. Suppose f - 4 = -0*v - 3*v, 0 = 5*f + 5*v - 30. Suppose 0 = -5*j - 4*a - f, 0 = 2*a + 3 + 3. What is the tens digit of z(j)?
2
Let g(q) = -3*q + 30. Let u be g(10). Suppose -c - 4*f = -83, 0*f + 3*f + 9 = u. What is the units digit of c?
5
Suppose 0 = 11*j - 20104 - 5790. What is the hundreds digit of j?
3
Suppose 47*p + 604 = 51*p. What is the tens digit of p?
5
Suppose 4*r = 4*x - 5704, 0*x - 2*r - 1421 = -x. What is the hundreds digit of x?
4
Let d = 12 + -8. Let b be (-4 - 0)*(-5)/d. Suppose b = l + 3*v, l - 5*v - 1 = -2*l. What is the units digit of l?
2
Suppose 3 = -4*g - 9. What is the units digit of -25*(15/g + 4)?
5
Suppose -3*h + 2*w + 40 = 0, 0 = h + 4*w - 2*w - 8. Let f = -10 + h. Suppose f*n + 10 + 9 = m, -4*m + 4*n + 84 = 0. What is the tens digit of m?
2
Suppose -y - 4*h - 24 = 3*y, 2*h = 2*y + 4. Let a = y - -7. Suppose 2*b - 1 = -3*f, -8*b + a*b = -5*f + 10. What is the units digit of f?
1
Suppose 8 = 3*k - 7. Suppose 0*s - s = -2*c - 1, 7 = -k*c + 4*s. Suppose w - 63 = -c. What is the units digit of w?
2
Suppose 4*v = -2*t - 2*t + 4, 0 = 4*v + 12. Let f = -33 - -49. Suppose r - f = -m, m - 46 = -t*r + 6*m. What is the units digit of r?
4
Suppose -89 = 3*b - 23. Let p be (-312)/b + (-6)/33. Suppose 0 = 4*d + p - 94. What is the units digit of d?
0
Let g(u) = 3*u**3 + 4*u**2 + 15*u + 42. What is the tens digit of g(6)?
2
Let g = 17 + -16. Let t(c) = 11*c**2 + 1. What is the units digit of t(g)?
2
Suppose 0 = 3*s - s - 8. Suppose s*o - 3*f = 2*o + 111, 5*f = o - 59. What is the tens digit of o?
5
What is the hundreds digit of 1 - (21/3 - 3345 - 7)?
3
Let x(a) = a + 316. What is the tens digit of x(12)?
2
Suppose -2*j = 2*z - 3*z + 1754, -7081 = -4*z - 5*j. What is the units digit of z?
4
Let j be 2 + -2 - 1*(-4 + 4). Suppose 2*n + 1 = -1, j = -5*g - 3*n + 242. What is the units digit of g?
9
Let d(h) = -h**3 - 6*h**2 + 4*h + 2. Let k be (-94)/(-6) + 12/(-18). Let q = k + -22. What is the units digit of d(q)?
3
Let u(j) = j**3 + 4*j**2 - 1. Let f be (-2)/(-6)*6/6*-9. What is the units digit of u(f)?
8
Let p(b) = b**2 + 3*b - 6. Let k be p(2). Suppose 0 = -3*h - h - k*y + 392, 2*h - y = 208. What is the tens digit of h?
0
Suppose t + 1 = -3. Let h be t/8*(-15 - -1). Suppose h*z - 6*z - 5 = 0. What is the units digit of z?
5
Let p(v) = -v**2 + 20*v - 16. Let g(f) = f + 1. Let c(l) = 4*g(l) + p(l). What is the tens digit of c(13)?
3
Suppose -5*i + 15 = -5*h, 0 = 5*h - 2*h - 3. Let s(m) = -12*m - 2. Let w be s(i). Let p = 2 - w. What is the tens digit of p?
5
Suppose 3*o = 5*d - 2976, -3 - 5 = 4*o. What is the tens digit of d?
9
Let p = -96 + 108. What is the units digit of (-9939)/(-45) - p/(-90) - 0?
1
Suppose -2*i + 6 = 0, 4*j + 2*i - 12 = 6. Suppose -10 = 3*a - 6*a - 4*u, 4*a - 5*u = j. Suppose 0 = v + a*v - 153. What is the tens digit of v?
5
Let f = -26 + 58. Let p = -22 + f. Suppose 2*y - 4*y = -p. What is the units digit of y?
5
Let b be (3 - 300/8)*-10. Suppose -b = -7*o + 5. What is the units digit of o?
0
Let w(g) = -5*g**2 - 4*g**2 + 6*g**2 + 2*g**2 - 15*g + 19. Let o be w(-16). What is the units digit of 0 - o/(3/(-2))?
2
Suppose -2*d - d + 1809 = 2*a, -5*a = 4*d - 2412. What is the tens digit of d?
0
Let z = 142 + -30. What is the tens digit of z?
1
Let v be -2 + -11 + -6*(-3)/(-6). What is the units digit of 13797/216 - 2/v?
4
Suppose 0 = 2*f - 125 - 133. Let v = f + -44. What is the tens digit of v?
8
Let o = 2766 + -1407. What is the thousands digit of o?
1
Let x = 7 + 21. Suppose -x*c = -27*c - 11. What is the tens digit of c?
1
Suppose g + 2340 = -3*g. Let h be 8/(-6)*g/2. Suppose 6*t = t + h. What is the units digit of t?
8
Let s(d) = 4*d**3 + 2*d**2 - 4*d - 6. Let i be s(5). Suppose 5*c - 1 = 6*c, 3*j = 5*c + i. What is the hundreds digit of j?
1
Suppose c - 5*c = -5*x - 19391, 4*c - 19396 = 4*x. What is the thousands digit of c?
4
Let p(v) = -3*v + 33. Let r(k) = k**3 + 10*k**2 + k + 2. Let s be r(-10). What is the tens digit of p(s)?
5
Let g = -2 + 4. Let n be (-5)/g*6/5. What is the tens digit of 3/(-9) + (-82)/n?
2
Let j = -34 + 52. What is the units digit of (12/j)/(4/318)?
3
Suppose -3*u - 74 = 88. Let l = -11 - u. What is the units digit of l?
3
What is the units digit of (119 - (0 + -8))*1?
7
What is the hundreds digit of 1887/8 - (399/(-56) + 7)?
2
Let b(x) = x**2 + 17*x + 63. What is the units digit of b(-21)?
7
What is the hundreds digit of 214 + (-1)/1*0?
2
Let r be 1 + 3/(-3)*-1. Suppose 204 = -0*p + 6*p. Suppose -3*s + 61 = 5*t - 16, 2*t - p = -r*s. What is the units digit of t?
3
Let a = 1498 + -1409. Suppose 0*x = x + 4*j + 57, -4*j = -2*x - 54. Let b = x + a. What is the units digit of b?
2
What is the units digit of ((-16)/2 + 20)*(-223)/(-2)?
8
Let g = 1913 + -1092. What is the tens digit of g?
2
Suppose 192*o = 181*o + 40128. What is the units digit of o?
8
Suppose -f = -4*k - 24, -4*k - 4 = 2*f + 8. Suppose -376 = -f*b + 4*t, 0 = 2*b + b - 4*t - 287. What is the units digit of b?
9
Let j = 143 + 135. Let m = 415 - j. What is the units digit of m?
7
Let c(q) be the second derivative of -5*q - 1/2*q**3 + q**2 + 1/12*q**4 + 0. What is the units digit of c(4)?
6
Let x = -46 + 49. Suppose -286 = -x*i + t, -4*t + 34 + 83 = i. What is the units digit of i?
7
Suppose -3*d + u + 4832 = 0, -d + 6*d - 2*u - 8052 = 0. What is the units digit of d?
2
Let s = 85 + -89. What is the tens digit of 201*(s - (-28)/6)?
3
Let y be 4/(-2)*(-3)/2. What is the units digit of y + 7 + (-8)/2?
6
Let m(n) = 3*n**3 - 11*n**2 + 8*n + 6. What is the tens digit of m(7)?
5
Suppose -19*g + 25*g + 84 = 0. What is the units digit of (-986)/g - 56/(-98)?
1
Suppose -g + 2*g = -19. Let j = -9 - g. Let x = 48 - j. What is the tens digit of x?
3
What is the hundreds digit of (-3807)/(-6) - (-1)/((-4)/6)?
6
Suppose -50 = 2*a + 8. Let z(u) = u**3 + 30*u**2 + 26*u + 3. What is the tens digit of z(a)?
9
Let d be (-1)/((-1)/10) + 0. Let p(k) = -4*k + 7. Let m(a) = -5*a + 9. Let h(v) = 2*m(v) - 3*p(v). What is the units digit of h(d)?
7
Let c be (0 - -3) + 2/(-1). Let q = 78 - 69. What is the tens digit of q*2 + (2 - c)?
1
Suppose 2*n - 139 = -5*j - 39, -5*n - 5*j = -235. What is the tens digit of n?
4
Suppose d + 3 = 0, 0*o - 2*d = o + 6. Suppose -54 = -o*z - 2*z. What is the tens digit of z?
2
Suppose -9 = -8*v + 5*v. Suppose k - 4 = 3*k, v*b = -3*k + 69. What is the units digit of b?
5
Suppose -3*d + 160 = -7*d. Let i = d - -87. What is the units digit of i?
7
Let o be ((-3)/(-9))/(2/12). Suppose -3*c = c. Suppose z + 4*y + 10 = c, 0*y = -3*z - o*y + 10. What is the units digit of z?
6
Let k be 4/6 + 232/(-6). Suppose 368 = 10*f - 452. Let d = k + f. What is the tens digit of d?
4
Let s(u) = -u**3 + 4*u**2 + 8*u + 2. Let c be s(4). Let h = 65 - c. What is the tens digit of h?
3
Let s(b) = -7*b**3 + b**2 - 3. Let o(n) = 8*n**3 - n + 4. Let p(h) = -5*o(h) - 6*s(h). What is the units digit of p(5)?
3
Suppose -a = 2*a - 12. Let p be (9 - a) + -1 + 0. Suppose 0 = -p*x + 2*m + 22 + 70, -4*m